-31
Convert -1 (base 16) to base 10.
-1
Convert -5 (base 16) to base 6.
-5
Convert -105 (base 8) to base 7.
-126
-1010 (base 5) to base 10
-130
-23 (base 4) to base 8
-13
What is -111 (base 2) in base 6?
-11
What is 102 (base 10) in base 4?
1212
Convert -5 (base 11) to base 6.
-5
What is -25 (base 14) in base 3?
-1020
Convert -1 (base 12) to base 5.
-1
Convert -9 (base 12) to base 10.
-9
-10 (base 7) to base 16
-7
What is 4 (base 11) in base 7?
4
What is -4 (base 13) in base 2?
-100
-100100 (base 2) to base 4
-210
What is 22 (base 6) in base 4?
32
Convert -1210 (base 5) to base 13.
-10b
Convert -15 (base 10) to base 12.
-13
-15 (base 11) to base 16
-10
150 (base 10) to base 14
aa
Convert -3 (base 15) to base 3.
-10
131 (base 6) to base 8
67
11 (base 2) to base 3
10
What is -165 (base 13) in base 7?
-510
-108 (base 9) to base 10
-89
What is -13 (base 8) in base 12?
-b
What is 1032 (base 4) in base 16?
4e
1133 (base 4) to base 6
235
2 (base 6) to base 16
2
What is -274 (base 8) in base 15?
-c8
What is 4 (base 5) in base 2?
100
Convert 0 (base 3) to base 9.
0
What is 11001 (base 2) in base 14?
1b
What is -5 (base 10) in base 15?
-5
-a (base 12) to base 13
-a
Convert -dc (base 16) to base 15.
-ea
What is -236 (base 7) in base 12?
-a5
What is 5 (base 8) in base 15?
5
What is 8 (base 11) in base 16?
8
What is 114 (base 5) in base 9?
37
Convert -3 (base 16) to base 6.
-3
Convert -16 (base 14) to base 4.
-110
Convert -1 (base 14) to base 11.
-1
-1212 (base 4) to base 12
-86
What is -10 (base 2) in base 9?
-2
What is -19 (base 13) in base 10?
-22
What is 10 (base 3) in base 14?
3
What is -268 (base 10) in base 12?
-1a4
3 (base 4) to base 3
10
-19 (base 11) to base 9
-22
Convert 1110 (base 2) to base 4.
32
Convert 4 (base 12) to base 14.
4
-1 (base 6) to base 5
-1
Convert 0 (base 5) to base 4.
0
What is -345 (base 6) in base 4?
-2021
What is -4 (base 16) in base 8?
-4
What is 2 (base 16) in base 2?
10
What is -40 (base 5) in base 3?
-202
What is 12 (base 14) in base 5?
31
Convert -2 (base 12) to base 10.
-2
What is -51 (base 7) in base 12?
-30
What is 55 (base 16) in base 2?
1010101
What is -3 (base 12) in base 5?
-3
What is e (base 15) in base 13?
11
a1 (base 13) to base 16
83
Convert -14 (base 11) to base 15.
-10
4a (base 12) to base 11
53
What is -12 (base 14) in base 7?
-22
Convert -1 (base 15) to base 6.
-1
Convert -176 (base 14) to base 12.
-210
What is -220 (base 3) in base 5?
-44
What is -31 (base 11) in base 7?
-46
Convert -101 (base 4) to base 14.
-13
-4e (base 15) to base 4
-1022
What is -b (base 12) in base 10?
-11
Convert 210 (base 5) to base 6.
131
-222 (base 3) to base 4
-122
What is b (base 13) in base 15?
b
What is -9 (base 14) in base 3?
-100
24 (base 13) to base 10
30
What is 1221 (base 3) in base 5?
202
Convert -162 (base 7) to base 11.
-85
What is -1311 (base 5) in base 6?
-542
What is -61 (base 9) in base 13?
-43
What is -26 (base 10) in base 15?
-1b
What is -a (base 13) in base 2?
-1010
-19 (base 11) to base 5
-40
Convert 1010 (base 2) to base 8.
12
Convert -3 (base 10) to base 16.
-3
Convert -4 (base 5) to base 3.
-11
-24 (base 9) to base 7
-31
What is a (base 13) in base 6?
14
4a (base 13) to base 3
2022
What is 20 (base 14) in base 2?
11100
Convert 0 (base 7) to base 8.
0
-6 (base 7) to base 13
-6
1 (base 10) to base 9
1
What is -14 (base 12) in base 9?
-17
Convert 52 (base 9) to base 13.
38
What is 14 (base 6) in base 8?
12
-2 (base 10) to base 12
-2
Convert 5 (base 12) to base 14.
5
176 (base 10) to base 15
bb
Convert 3 (base 12) to base 14.
3
-3 (base 9) to base 3
-10
What is 1 (base 8) in base 5?
1
What is -2 (base 16) in base 15?
-2
Convert 2 (base 5) to base 14.
2
What is -16 (base 9) in base 8?
-17
4 (base 11) to base 4
10
Convert 10 (base 2) to base 13.
2
What is 100010 (base 3) in base 7?
501
What is 1424 (base 5) in base 12?
17b
Convert -47 (base 14) to base 5.
-223
Convert 3 (base 14) to base 15.
3
4 (base 16) to base 5
4
20 (base 6) to base 12
10
What is 67 (base 8) in base 4?
313
What is 110 (base 7) in base 11?
51
Convert 97 (base 12) to base 4.
1303
Convert 0 (base 4) to base 13.
0
-10111 (base 2) to base 8
-27
Convert -111 (base 3) to base 10.
-13
-2 (base 3) to base 6
-2
What is -14 (base 10) in base 9?
-15
What is -102 (base 3) in base 11?
-10
Convert 0 (base 7) to base 8.
0
Convert 2 (base 15) to base 7.
2
What is 111 (base 7) in base 4?
321
Convert 14 (base 9) to base 7.
16
Convert -47 (base 14) to base 12.
-53
Convert 2 (base 8) to base 4.
2
What is -27 (base 12) in base 8?
-37
10 (base 5) to base 6
5
3 (base 16) to base 15
3
What is 342 (base 9) in base 12?
1b5
What is 91 (base 10) in base 3?
10101
Convert -2311 (base 4) to base 10.
-181
-1 (base 2) to base 9
-1
1 (base 12) to base 10
1
Convert -303 (base 6) to base 3.
-11010
What is -43 (base 7) in base 11?
-29
Convert e9 (base 16) to base 15.
108
What is -26 (base 8) in base 7?
-31
What is 3 (base 8) in base 10?
3
123 (base 11) to base 4
2102
Convert -31 (base 11) to base 3.
-1021
67 (base 11) to base 16
49
-3 (base 13) to base 2
-11
1 (base 8) to base 11
1
What is 133 (base 5) in base 15?
2d
Convert -1 (base 14) to base 15.
-1
Convert -9 (base 16) to base 4.
-21
4 (base 10) to base 13
4
Convert 2210 (base 3) to base 7.
135
20 (base 9) to base 5
33
What is -2 (base 12) in base 4?
-2
Convert 4a (base 15) to base 16.
46
What is 12 (base 3) in base 14?
5
Convert 8 (base 12) to base 5.
13
What is 0 (base 12) in base 4?
0
-45 (base 13) to base 16
-39
What is -12 (base 6) in base 11?
-8
What is 54 (base 11) in base 8?
73
What is -1110 (base 3) in base 12?
-33
2 (base 13) to base 5
2
What is -11 (base 6) in base 4?
-13
Convert 12 (base 4) to base 11.
6
Convert 156 (base 11) to base 5.
1212
3 (base 9) to base 4
3
Convert -5 (base 16) to base 3.
-12
What is -222 (base 7) in base 5?
-424
30 (base 16) to base 14
36
Convert 22b (base 13) to base 14.
1cb
111011 (base 2) to base 6
135
1 (base 6) to base 10
1
What is -44 (base 8) in base 15?
-26
Convert 36 (base 7) to base 2.
11011
-165 (base 16) to base 8
-545
-10 (base 5) to base 11
-5
What is 2 (base 11) in base 13?
2
0 (base 7) to base 6
0
What is 5 (base 7) in base 4?
11
64 (base 11) to base 10
70
What is 2 (base 16) in base 3?
2
What is -146 (base 7) in base 12?
-6b
5 (base 15) to base 9
5
Convert 1301 (base 4) to base 16.
71
What is 350 (base 8) in base 4?
3220
45 (base 15) to base 6
145
-2 (base 7) to base 12
-2
Convert -21 (base 8) to base 9.
-18
What is 6 (base 16) in base 5?
11
-8 (base 11) to base 8
-10
Convert 1110 (base 2) to base 9.
15
What is 10 (base 3) in base 2?
11
-100 (base 4) to base 6
-24
What is 2 (base 7) in base 16?
2
What is -84 (base 14) in base 10?
-116
Convert 3 (base 4) to base 13.
3
e (base 16) to base 8
16
-3 (base 4) to base 11
-3
50 (base 13) to base 2
1000001
-16 (base 7) to base 6
-21
4 (base 12) to base 10
4
-1133 (base 5) to base 8
-250
-5 (base 12) to base 15
-5
-4 (base 6) to base 4
-10
What is 11 (base 5) in base 14?
6
What is -1 (base 2) in base 11?
-1
What is 10 (base 7) in base 11?
7
10 (base 2) to base 5
2
-11 (base 2) to base 6
-3
Convert -123 (base 5) to base 6.
-102
Convert 4 (base 7) to base 8.
4
What is 80 (base 14) in base 3?
11011
-1 (base 7) to base 13
-1
4 (base 16) to base 15
4
What is -2 (base 6) in base 7?
-2
Convert b (base 15) to base 13.
b
Convert 2b (base 16) to base 3.
1121
20 (base 6) to base 4
30
What is -3 (base 16) in base 12?
-3
Convert 6 (base 15) to base 14.
6
Convert -374 (base 10) to base 4.
-11312
Convert -9 (base 13) to base 12.
-9
What is -301 (base 4) in base 8?
-61
What is 15 (base 6) in base 5?
21
What is -3 (base 7) in base 4?
-3
What is 201 (base 4) in base 2?
100001
Convert 0 (base 14) to base 10.
0
What is 10101 (base 2) in base 4?
111
What is 265 (base 12) in base 14?
1c1
Convert 10 (base 6) to base 9.
6
-36 (base 9) to base 12
-29
Convert 0 (base 6) to base 14.
0
2 (base 14) to base 16
2
What is 5 (base 15) in base 12?
5
-121 (base 8) to base 11
-74
What is -251 (base 6) in base 9?
-124
0 (base 6) to base 9
0
2 (base 4) to base 2
10
Convert 5 (base 6) to base 2.
101
Convert 12 (base 3) to base 13.
5
What is 3 (base 10) in base 14?
3
3 (base 5) to base 12
3
Convert 178 (base 11) to base 12.
152
-1 (base 3) to base 5
-1
What is 9 (ba